t are the prime factors of 15284617?
53, 288389
What are the prime factors of 18807005?
5, 7, 537343
What are the prime factors of 5451912?
2, 3, 75721
What are the prime factors of 188653?
188653
List the prime factors of 1576339.
1576339
List the prime factors of 6309379.
787, 8017
List the prime factors of 258602.
2, 31, 43, 97
What are the prime factors of 3025036?
2, 7, 108037
What are the prime factors of 2041160?
2, 5, 11, 4639
List the prime factors of 1062651.
3, 19, 103, 181
List the prime factors of 2720014.
2, 11, 123637
What are the prime factors of 3437155?
5, 687431
What are the prime factors of 10454839?
211, 49549
List the prime factors of 500536.
2, 19, 37, 89
What are the prime factors of 4444794?
2, 3, 27437
What are the prime factors of 2973318?
2, 3, 277, 1789
What are the prime factors of 585866?
2, 292933
List the prime factors of 42622.
2, 101, 211
What are the prime factors of 243700?
2, 5, 2437
List the prime factors of 1388494.
2, 53, 13099
What are the prime factors of 37367568?
2, 3, 7, 1373
What are the prime factors of 1917027?
3, 7, 23
What are the prime factors of 2039441?
19, 107339
What are the prime factors of 1519528?
2, 17, 11173
List the prime factors of 3633299.
3633299
What are the prime factors of 196888?
2, 24611
List the prime factors of 505459.
505459
List the prime factors of 747615.
3, 5, 11, 23, 197
List the prime factors of 3510892.
2, 7, 11, 11399
What are the prime factors of 250721?
250721
List the prime factors of 201802.
2, 23, 41, 107
What are the prime factors of 26329041?
3, 19, 79, 1949
List the prime factors of 32149700.
2, 5, 11, 2657
What are the prime factors of 25589?
25589
List the prime factors of 6456472.
2, 11, 73369
List the prime factors of 111553.
13, 8581
What are the prime factors of 4199567?
4199567
List the prime factors of 12012736.
2, 187699
What are the prime factors of 6411165?
3, 5, 277, 1543
List the prime factors of 1006927.
17, 61, 971
What are the prime factors of 676051?
676051
What are the prime factors of 420444?
2, 3, 17, 229
List the prime factors of 1213240.
2, 5, 7, 619
List the prime factors of 11875118.
2, 5937559
What are the prime factors of 2815266?
2, 3, 607, 773
What are the prime factors of 445485?
3, 5, 17, 1747
What are the prime factors of 24096162?
2, 3, 4016027
What are the prime factors of 40889?
31, 1319
What are the prime factors of 136783?
43, 3181
What are the prime factors of 780173?
780173
List the prime factors of 68456.
2, 43, 199
List the prime factors of 1947721.
107, 109, 167
List the prime factors of 1621059.
3, 11, 49123
What are the prime factors of 937255?
5, 11, 17041
List the prime factors of 12635021.
7, 1805003
What are the prime factors of 267163?
13, 20551
What are the prime factors of 310879?
17, 18287
List the prime factors of 8931862.
2, 19, 89, 139
What are the prime factors of 5688917?
13, 239, 1831
What are the prime factors of 1623454?
2, 7, 61, 1901
What are the prime factors of 8420212?
2, 751, 2803
List the prime factors of 2616494.
2, 1308247
What are the prime factors of 12492524?
2, 11, 53, 487
What are the prime factors of 25672017?
3, 7, 367, 3331
List the prime factors of 475730.
2, 5, 113, 421
What are the prime factors of 42507856?
2, 1423, 1867
List the prime factors of 166816.
2, 13, 401
What are the prime factors of 3092346?
2, 3, 149, 1153
List the prime factors of 6057151.
17, 20959
What are the prime factors of 654155?
5, 41, 3191
What are the prime factors of 9024?
2, 3, 47
List the prime factors of 405224.
2, 37
What are the prime factors of 140057?
140057
What are the prime factors of 564814?
2, 282407
List the prime factors of 17754170.
2, 5, 7, 19, 1907
List the prime factors of 353802.
2, 3, 58967
List the prime factors of 1217393.
1217393
What are the prime factors of 239337?
3, 7, 29, 131
What are the prime factors of 1105438?
2, 449, 1231
What are the prime factors of 140390?
2, 5, 101, 139
List the prime factors of 3172629.
3, 29, 36467
What are the prime factors of 39443?
39443
What are the prime factors of 16962641?
16962641
List the prime factors of 1094162.
2, 229, 2389
What are the prime factors of 57007?
109, 523
List the prime factors of 275783.
275783
List the prime factors of 802303.
541, 1483
List the prime factors of 26739019.
31, 467, 1847
List the prime factors of 3452122.
2, 17, 101533
List the prime factors of 366506.
2, 7, 47, 557
What are the prime factors of 618659?
19, 32561
List the prime factors of 2556091.
2556091
What are the prime factors of 675329?
619, 1091
What are the prime factors of 2571831?
3, 31751
What are the prime factors of 9424947?
3, 7, 448807
List the prime factors of 3406609.
373, 9133
What are the prime factors of 3848394?
2, 3, 11, 58309
List the prime factors of 251774.
2, 125887
List the prime factors of 8168021.
211, 38711
List the prime factors of 905652.
2, 3, 11, 2287
List the prime factors of 7026003.
3, 780667
What are the prime factors of 5933608?
2, 487, 1523
What are the prime factors of 1322488?
2, 165311
List the prime factors of 14194625.
5, 113557
List the prime factors of 9158549.
79, 115931
What are the prime factors of 872394?
2, 3, 145399
List the prime factors of 2426631.
3, 17, 47581
List the prime factors of 553999.
131, 4229
List the prime factors of 1650173.
7, 17, 283
List the prime factors of 2456701.
13, 59, 3203
What are the prime factors of 98165?
5, 29, 677
What are the prime factors of 4626922?
2, 2313461
What are the prime factors of 20092577?
20092577
What are the prime factors of 9315077?
41, 67, 3391
List the prime factors of 8737321.
19, 79, 5821
What are the prime factors of 983721?
3, 193, 1699
List the prime factors of 3566138.
2, 1783069
What are the prime factors of 2571192?
2, 3, 13, 41, 67
List the prime factors of 299035.
5, 11, 5437
What are the prime factors of 24541914?
2, 3, 17, 240607
What are the prime factors of 18478457?
18478457
List the prime factors of 119231.
7, 17033
List the prime factors of 7397874.
2, 3, 11, 37363
What are the prime factors of 8485149?
3, 2828383
List the prime factors of 1090408.
2, 11, 12391
List the prime factors of 6946342.
2, 13, 267167
What are the prime factors of 93495?
3, 5, 23, 271
What are the prime factors of 10600352?
2, 7, 37, 1279
List the prime factors of 11294388.
2, 3, 7, 44819
What are the prime factors of 172568?
2, 11, 37, 53
List the prime factors of 790782.
2, 3, 131797
List the prime factors of 1768125.
3, 5, 23, 41
What are the prime factors of 202249?
17, 11897
List the prime factors of 620365.
5, 53, 2341
What are the prime factors of 760501?
7, 108643
What are the prime factors of 2896534?
2, 83, 17449
List the prime factors of 4954287.
3, 13, 127033
What are the prime factors of 863610?
2, 3, 5, 11, 2617
What are the prime factors of 439133?
439133
What are the prime factors of 2332133?
1399, 1667
What are the prime factors of 8229650?
2, 5, 11, 13, 1151
What are the prime factors of 10955558?
2, 5477779
What are the prime factors of 304843?
7, 11, 37, 107
List the prime factors of 52734.
2, 3, 11, 17, 47
List the prime factors of 296593.
11, 59, 457
List the prime factors of 6558317.
43, 152519
List the prime factors of 354168.
2, 3, 4919
List the prime factors of 34556.
2, 53, 163
What are the prime factors of 91451?
109, 839
What are the prime factors of 2161601?
13, 17, 9781
What are the prime factors of 307983?
3, 13, 53, 149
List the prime factors of 227834.
2, 17, 6701
What are the prime factors of 178187?
178187
List the prime factors of 1030308.
2, 3, 23, 3733
What are the prime factors of 747505?
5, 11, 13591
List the prime factors of 244550.
2, 5, 67, 73
What are the prime factors of 32353704?
2, 3, 197, 2281
List the prime factors of 20740633.
20740633
List the prime factors of 90450.
2, 3, 5, 67
What are the prime factors of 406893?
3, 23, 5897
List the prime factors of 6014406.
2, 3, 421, 2381
List the prime factors of 1489672.
2, 29, 6421
What are the prime factors of 20106?
2, 3, 1117
List the prime factors of 767701.
11, 101, 691
List the prime factors of 19981262.
2, 7, 1427233
List the prime factors of 10222400.
2, 5, 6389
List the prime factors of 102460.
2, 5, 47, 109
What are the prime factors of 413309?
13, 31793
